
Suppose 0 = -3*k - s + 32 + 35, 0 = -k + s + 17. What are the prime factors of (11/(132/(-272)))/((-2)/k)?
2, 7, 17
Suppose i + 5 + 107 = -3*w, 0 = i + w + 104. Let x = -79 - i. Let f = x - -116. What are the prime factors of f?
137
Suppose -8*a + 10*a = 3216. Suppose 4*d - a = -0*d. List the prime factors of d.
2, 3, 67
Suppose -4*l + 722 + 286 = 0. Let o(z) = -z**3 + 36*z**2 - 297*z - 26. Let s be o(13). Suppose -m + 4*m - l = s. List the prime factors of m.
2, 3, 7
Suppose 46*m = 47*m - 4. Suppose m*s = n + 1156, 3*s = -9*n + 4*n + 844. List the prime factors of s.
2, 3
Suppose 66 - 1269 = -3*y + 3*k, -4*y - 2*k + 1586 = 0. Let c = -202 + y. What are the prime factors of c?
2, 7
Let k(t) = 8*t**2 - 16*t + 78. Suppose 50*u - 54*u = -24. List the prime factors of k(u).
2, 3, 5
Let l(x) = -650*x + 492. List the prime factors of l(-7).
2, 2521
Suppose 9*w - 856 = 13850. Suppose 12*l - 262 = w. What are the prime factors of l?
2, 79
Let l(f) = 23*f + 9. Let b be l(4). Suppose -s - 2*w + 225 = 0, -s + 3*w + b = -119. List the prime factors of s.
223
Suppose 0 = 24*s - 32550 - 9570. Suppose -3*v = -3*k - 1290, -4*v - 4*k - 75 + s = 0. List the prime factors of v.
5, 17
Let f = 82 - 81. Let j be 72/15 - (f - 2)/5. List the prime factors of (-4)/(-10) - (-333)/j.
67
Let r(n) = 2*n - 28. Let h be r(12). Let x be (-141 - 9)*2/(h/5). Suppose o = -4*o + x. What are the prime factors of o?
3, 5
Let o be (-1)/((-3)/2)*3*1. Suppose 1 = -o*w + 43. What are the prime factors of 2/7 + 1212/w?
2, 29
Let x = -39 + 39. Suppose q = -x*q - 728. What are the prime factors of q/12*(-12)/8?
7, 13
Let j = -214 + 86. Let i be j/9 - 4/(-18). Let c(a) = -a**3 - 13*a**2 + 9*a - 2. List the prime factors of c(i).
2, 17
Let v be (2 - 1) + (-3 - -2). Suppose n - 54 = 33. List the prime factors of (0 + v + 3)*6554/n.
2, 113
Let z be -556 - 2/(-2) - (6 + -5). Let a be z/2*(-17)/(-34). Let k = -69 - a. What are the prime factors of k?
2, 5, 7
Let n(g) = -3*g**2 - 312*g + 7. List the prime factors of n(-56).
7, 1153
Let j(q) = -60*q**2 + 4*q + 45850. What are the prime factors of j(0)?
2, 5, 7, 131
Let i = 16550 + -2343. List the prime factors of i.
14207
List the prime factors of (-128)/(519*(-8)/(-462) - 9).
2, 7, 11
What are the prime factors of (70/(-140))/(1/(-11428)*2)?
2857
Let d = -45518 + 78741. List the prime factors of d.
33223
List the prime factors of (-34)/(-153) - 1814118/(-54).
5, 6719
Suppose -45*z + 94703 + 570295 = -1034697. What are the prime factors of z?
107, 353
Let a be 150*2*2/8. Suppose 5*o + 29 - 13 = -s, 3*o = -12. Suppose 41 + a = 2*t - s*n, -5*t = -3*n - 311. What are the prime factors of t?
2
Suppose -11*s = 9 - 42. Let y be (-12)/(-6) + (-2 - -3). Suppose 7*b + s*i - 176 = y*b, -2*b - 5*i = -88. List the prime factors of b.
2, 11
Suppose 0 = -6*b + b - 3640. Let y = -520 - b. Suppose 0*i + 2*l = 2*i - 84, 5*i - 4*l - y = 0. List the prime factors of i.
2, 5
Let y(p) = -2*p**3 - p**2 + 1. Suppose 0*j + j + 1 = 0. Let q be y(j). Suppose 2*z - 2*n + 3*n - 46 = 0, -2*z - q*n = -50. List the prime factors of z.
3, 7
Suppose s - 16*s = -195. Suppose -s*c - 13400 = -38*c. What are the prime factors of c?
2, 67
Let t(b) = 31*b - 11. Let r be t(2). Let i = r + -47. Suppose i*c = z + 724, -543 = -3*c + z - 2*z. List the prime factors of c.
181
What are the prime factors of (((-18)/1)/(-2))/(-3)*-8101 + -5?
2, 12149
Suppose 244*c + 94706 = 2*j + 239*c, 2*j - 14*c - 94760 = 0. List the prime factors of j.
2, 23669
Suppose -136560 = 60*d - 100*d. What are the prime factors of d?
2, 3, 569
Let x(r) = 12*r**2 + 8*r - 14. Let o be x(6). Let u = o + -15. List the prime factors of u.
11, 41
Let n = -31 + 40. Let c be 7 - 0 - (n + -6). List the prime factors of 36 + 3 + (-4)/c.
2, 19
Let s = 4 + -6. Let k be s/6*(-6 + -237). Let m = -67 + k. List the prime factors of m.
2, 7
What are the prime factors of ((-30818)/(-57))/(128/4776) + 6/16?
2, 7, 11, 131
List the prime factors of ((-6)/(-10))/((-20)/(-138100)).
3, 1381
Let n = 39619 + -23347. List the prime factors of n.
2, 3, 113
Let g be ((-40)/(-12) + -10)*2946/(-4). List the prime factors of 6/(-16) - g/(-80).
61
Let t(w) = 4*w**2 + 31*w - 24. Let z be t(-8). Let v(a) = -48*a + 7. List the prime factors of v(z).
5, 31
Suppose 43*c - 45*c + 26272 = 5*z, 3*c - 39442 = z. What are the prime factors of c?
2, 3, 7, 313
Suppose s = -9*j + 13*j - 18112, j - 3*s = 4517. What are the prime factors of j?
7, 647
Let l be (-3)/(18/4) - 41636/(-12). Suppose 701 = 6*r - l. What are the prime factors of r?
5, 139
What are the prime factors of (888/5)/((12/(-308))/(590/(-649)))?
2, 7, 37
Suppose -2*j - 9 = 29. Let h = j - -26. Suppose h*d = 3*d + 332. What are the prime factors of d?
83
Suppose -11 = -3*n + q, -4*q + 7 = n + 4*n. Let t = 6 - 8. List the prime factors of 622/n - ((-10)/15)/t.
3, 23
Suppose -8 = -3*x - 2*q, -4*x + x = 4*q - 10. Let t(h) = 2*h**2 - h**x - 4 - 4 - 2 + h. List the prime factors of t(7).
2, 23
Suppose -47125 = -5*g - 5*u, 0 = -3*g + 4*u + 16408 + 11888. What are the prime factors of g?
2, 2357
Let o(n) = -10*n**3 - 5*n**2 + 11*n + 8. Let x(r) = -21*r**3 - 9*r**2 + 22*r + 17. Let u(z) = 5*o(z) - 2*x(z). What are the prime factors of u(-4)?
2, 181
Suppose -223 = -5*m + 2*c, -5*m - 4*c = c - 230. Suppose -m*d - 10*d = -41360. List the prime factors of d.
2, 47
Let z(c) = -173*c - 1. Let a be z(-10). Suppose 0 = 5*d - 3*s - a, 0 = d + d + 2*s - 698. What are the prime factors of d?
347
Suppose -320 + 33 = -7*t. Let j = 52 - t. Let p(w) = w**3 - 11*w**2 + 6*w + 15. List the prime factors of p(j).
3
List the prime factors of 1/(((-13)/(-26))/(6812/8)).
13, 131
Let q = 1255 + -136. Let i = q + 360. List the prime factors of i.
3, 17, 29
Let j = -26502 - -46022. What are the prime factors of j?
2, 5, 61
Suppose 0 = 2*u - 4*i - 180, 0 = -22*i + 18*i + 12. Suppose 94*o - u*o = -342. List the prime factors of o.
3, 19
Let x = -735 + 1029. Let k = 474 - x. What are the prime factors of k?
2, 3, 5
Let k(t) = 9*t**2 - 219*t - 433. What are the prime factors of k(-86)?
5, 16993
Let b = -220 - -212. Let r(u) = -3*u**3 - 6*u**2 + 25*u - 9. What are the prime factors of r(b)?
23, 41
Let z = 143 + -139. What are the prime factors of 566 - (z + -4 - 6)?
2, 11, 13
Let n = 310 + -152. Let g(l) = 2*l**2 - 21*l + 13. Let t be g(15). Suppose -9*h + t = -n. What are the prime factors of h?
2, 17
Let r(u) = 25*u**2 + 26*u + 3. Let f be (4 + (6 - 2))/(1 + -2). List the prime factors of r(f).
3, 5, 31
Let m be (-368)/(-24)*-6*3. Let k be (-4 + 40/6)*m/(-1). Suppose -4*u = 4*x - k, 5*x + 3*u = -u + 923. What are the prime factors of x?
11, 17
What are the prime factors of -5 + (-84)/(-14) + 43280?
3, 7, 229
Suppose 0 = -0*m - 4*m + 4*f + 12, 5*m + 4*f = 42. Suppose m = -0*j + 2*j. Suppose -2*z - 452 = -j*r - z, -2*z = 4. What are the prime factors of r?
2, 3, 5
List the prime factors of (57*-60 + -2)*(-13 + (-28)/28).
2, 7, 29, 59
Suppose 6*b = 5*m + 2*b - 83, -5*m + 77 = -b. What are the prime factors of 177*m/12 - (-3)/(-12)?
13, 17
Suppose -322 = -5*s + v, -s - 2*v = 34 - 105. Let f = 377 + -417. List the prime factors of s/f*-2*28.
7, 13
Let s be (-2)/5 - (-408)/20. List the prime factors of 12/s - (-8901)/15.
2, 3, 11
Let g(b) = b**2 - 15*b + 21. Let p be g(10). Let x = p - -31. Suppose -3*d + 0*j + 271 = -5*j, 202 = x*d + 2*j. List the prime factors of d.
97
Suppose 41*f - 40*f = -34. List the prime factors of f/(-17)*(-10)/4*-131.
5, 131
Let a(u) = -3*u**2 + 4*u + 4. Suppose 2*v + 4 = -4*x + v, 3*x - 2*v = -14. Let y be a(x). What are the prime factors of y/88 + 2050/22?
3, 31
Let k(g) = -42*g - 10*g**2 + 3*g**2 - 13 + 4*g**2 + 2*g**2 + 10*g. List the prime factors of k(-18).
239
Let p(d) = -d**2 - 16*d + 18. Suppose 104 = -229*c + 221*c. List the prime factors of p(c).
3, 19
Suppose 27*y = -45816 + 256713. What are the prime factors of y?
73, 107
Suppose 5*j - 5*s - 265 = 0, -5*j + 287 = -s + 42. Suppose 0 = -2*r - j + 804. Suppose -5*n + r = -417. List the prime factors of n.
3, 53
Let y(t) = t**2 - 2 + 37*t - 31*t + 11. Let j be y(-3). Suppose -105 = -j*n - 7*n. List the prime factors of n.
3, 5
Let c be -2*1 - (-6 + 5). List the prime factors of ((-1953)/(-18))/(c/(-12)).
2, 3, 7, 31
Let h(w) = -6*w + 5 + 4 + 7*w 